ate the remainder when 98 is divided by s.
23
Let l = -123 - -133. Suppose -47 = -n - 2*b, 5*n = n - 2*b + 164. Calculate the remainder when n is divided by l.
9
Let a = 230 + -106. Calculate the remainder when a is divided by 25.
24
Let x(i) = -7*i - 3. Let p(c) = -c**3 + 8*c**2 - 6*c. Let h be p(7). Suppose -3*t - 392 = -h*t. Calculate the remainder when t is divided by x(-4).
23
Let g = 20 - -17. What is the remainder when 7 + 0 + -5 + g is divided by 10?
9
Suppose -22*w + 107 + 245 = 0. Calculate the remainder when 314 is divided by w.
10
Let o = -6 + 8. Suppose 0 = o*j - j - 12. What is the remainder when 21 is divided by j?
9
Suppose -5*s = -2*n - 100, -2*s = -4*n - 17 - 7. Let a = -143 + 227. What is the remainder when a is divided by s?
18
Let i be (2*1/(-2) - 1) + 44. Suppose 3*l - l = i. Let k(b) = 12*b - 2. What is the remainder when k(7) is divided by l?
19
Let q = 161 - 63. Let y = q + -80. What is the remainder when 104 is divided by y?
14
Let g = -37 - -51. Suppose g*m - 532 = -70. What is the remainder when 8*2*(8 - 2) is divided by m?
30
Let g(m) = -12*m - 3 + 1 + m. Let t(j) = 19*j**3 - 5*j**2 - 2*j + 5. What is the remainder when g(-3) is divided by t(1)?
14
Suppose 0 = 3*d + 2*d. Suppose 2*y - y = 5*c + 630, d = c - 2*y + 126. What is the remainder when 59 is divided by (c/(-49))/((-6)/(-28))?
11
Let x be -30*3 - (3 - 1). Let v = x + 137. What is the remainder when v is divided by 12?
9
Let s(h) = h**3 + 12*h**2 + 9*h - 18. What is the remainder when s(-10) is divided by 20?
12
Let c(z) = 2*z**2 + 7*z + 4. Let w(l) be the third derivative of -7*l**4/24 - 35*l**3/6 - 4*l**2. Calculate the remainder when w(-13) is divided by c(-5).
18
Let n = -662 + 695. What is the remainder when 39 is divided by n?
6
Suppose 12*x = -26*x + 1216. What is the remainder when x is divided by 19?
13
Let l = 211 + -205. Calculate the remainder when 24 is divided by l.
0
Let p(n) = 4*n + 6. Suppose 24 = 8*y - 4*y. Calculate the remainder when y is divided by p(-1).
0
Let f(n) = 6*n - 6. Let z be ((-3)/2)/((-3)/8). Let x be f(z). Suppose 2*a + x = 3*a. Calculate the remainder when 34 is divided by a.
16
Let a(j) = -j + 7. Let s be a(5). Suppose -s*f + 7*f = 2*b - 84, -4*b + 188 = -5*f. What is the remainder when b is divided by 9?
7
Let h be 33/22*(-71 + -1). What is the remainder when 43 is divided by (-21)/49 - h/7?
13
Let p(c) = c + 29. Let w = 1116 + -432. Suppose -13*k + k + w = 0. Calculate the remainder when k is divided by p(0).
28
Let c(v) = -v - 2. Let a be c(0). Calculate the remainder when (-873)/(-15) - a/(-10) is divided by 20.
18
Suppose -x = -0*x - 56. Suppose -n + x = 4*b, -3*b - 41 = -n - 2*b. What is the remainder when n is divided by 9?
8
Calculate the remainder when 58 is divided by 8/32 - 166/(-8).
16
Let d = -2166 - -2257. Calculate the remainder when 239 is divided by d.
57
Let h be -4 - 1/(1/(-17)). Suppose 5*a + 0 + 5 = 0. Let y = a + h. Calculate the remainder when 45 is divided by y.
9
Suppose 2*t + 59 - 203 = 0. Calculate the remainder when 99 is divided by (-32)/8 - t/(-3).
19
Let z = -29 + 11. Let i be (8/6)/((-6)/z). Suppose 2*f = -y + 123, 4*y = i*f + 2*y - 242. Calculate the remainder when f is divided by 16.
13
Let h = -1394 - -1487. Calculate the remainder when 378 is divided by h.
6
Suppose 0*l = 4*l - 12. Suppose 2*i + 4*t - 3 = 3*i, -35 = -l*i + t. Calculate the remainder when 37 is divided by i.
11
Let g(i) = i**3 + i**2. Let z(y) = 5*y**3 - 8*y**2 + 7*y - 12. Let v(l) = 6*g(l) - z(l). What is the remainder when v(-14) is divided by 37?
36
Suppose -2*l - 3*l = 30. Let q = l + 17. What is the remainder when (10 - 11)/(1/(-1))*41 is divided by q?
8
What is the remainder when (2 - 9/3)*-51 is divided by 4?
3
Let b = -105 - -244. Let l = b + -78. What is the remainder when l is divided by 32?
29
Let r(f) = 3*f + 92. Let t = 24 - 14. Let x(m) = -m**3 + 11*m**2 - 7*m - 8. What is the remainder when x(t) is divided by r(-28)?
6
Suppose 0 = -3*z + 64 + 83. Let r be 118/2 + -15*(-8)/(-24). Suppose 0 = -10*s + 126 + r. Calculate the remainder when z is divided by s.
13
Let a be ((-15)/(-5) + -3)/(1 + 0). Suppose 0 = 3*c + 4*s - 467, a = 4*c + c + 3*s - 793. What is the remainder when c is divided by 33?
29
Let f = 62 + -56. Let u(n) = -n + 11. Calculate the remainder when u(-10) is divided by f.
3
Let g(y) = -11*y**2 + 2*y + 2. Let w be g(2). Let x be 3 - (w - -3 - -3). Suppose 10*a + x = 11*a. What is the remainder when 102 is divided by a?
32
What is the remainder when 62 is divided by 2 - 0 - 11/((-55)/100)?
18
Suppose -3*g - 19 = -5*t, 4*g + 3*t + 17 = 8*t. Let i(l) = 13*l + 1. Let z be i(g). Let h = z - 1. What is the remainder when h is divided by 9?
8
Let b(i) = -2*i**3 - 7*i**2 - 2*i - 55. Calculate the remainder when b(-6) is divided by 54.
29
Suppose -3 = 4*p + f - 115, 5*f - 20 = 0. Calculate the remainder when 67 is divided by p.
13
Suppose 8 - 12 = -2*t. Suppose x = -2*b + 122, 2*x = -t*b + 4*b + 226. What is the remainder when x is divided by 30?
26
Suppose 788 = 12*m + 116. What is the remainder when m is divided by 33?
23
Suppose 1068 = 34*a - 22*a. What is the remainder when 352 is divided by a?
85
Suppose 7*k - 29 - 27 = 0. Let y = 35 + -15. What is the remainder when ((-42)/(-15))/(k/y) is divided by 3?
1
Let n = -31 + 57. Suppose -1 = -j - 4. What is the remainder when j + (n - (-2 + 4)) is divided by 8?
5
Suppose -28 = -p - 2*d, -5*p - 2*d = -52 - 72. Suppose 0 = r - 2*c - 41, 150 = 3*r + 3*c - 0*c. What is the remainder when r is divided by p?
23
Let n = -942 - -1148. Calculate the remainder when n is divided by 30.
26
Let v = 128 + -110. Let d(w) be the third derivative of 3*w**6/40 + w**5/60 - 2*w**2. What is the remainder when v is divided by d(1)?
8
Let r = 807 + -431. Calculate the remainder when r is divided by 21.
19
Suppose -22*l + 504 = -68. What is the remainder when 567 is divided by l?
21
Let j(l) = -l**3 + 9*l**2 - 12*l + 8. What is the remainder when 148 is divided by j(3)?
18
Let i be 6/(-15) - (-4)/10. Suppose 4*c - 20 = 0, i = -5*w - c + 2*c - 10. Calculate the remainder when 41 is divided by 0/4 + (w - -22).
20
Let a(o) = o**3 - 8*o**2 + 7*o + 3. Suppose 74 = 5*p - 31. Calculate the remainder when a(8) is divided by p.
17
Suppose -2*x - 53 = 51. Let d = 58 + x. What is the remainder when 17 is divided by d?
5
Let y = 108 + -102. Calculate the remainder when 57 is divided by y.
3
Let u(a) = -93*a**3 + 5*a**2 - a - 7. What is the remainder when u(-1) is divided by 14?
8
Let d be (-1 + -24)/((-8)/32). Let q = d + -60. Suppose -b - 3*b + q = 0. Calculate the remainder when 17 is divided by b.
7
Let m(i) = -3*i**3 - 3*i**2 + 3*i + 6. Suppose 1 + 13 = -7*l. Suppose 4*y - 3*k = -4*k + 134, 4*k - 107 = -3*y. What is the remainder when y is divided by m(l)?
9
Let y(d) = 2*d**2 - 24*d + 99. What is the remainder when 76 is divided by y(9)?
31
Let o = 18 - 12. Suppose -y + 5*v = 4, y - o*y + 40 = -5*v. Suppose -n - 15 = -2*n + 3*d, -3*d = -5*n + 135. Calculate the remainder when n is divided by y.
8
Suppose 2*r - 288 = f, 4*r + 2*f - 268 = 292. Suppose -t - 4*t - 4*j + r = 0, -t + 14 = -4*j. What is the remainder when 50 is divided by t?
24
Let o(c) = -2*c + 5. Let r be o(2). Calculate the remainder when 35 is divided by 12*(0/(-5) + r).
11
Suppose -901 - 2120 = -53*b. Calculate the remainder when b is divided by 10.
7
Suppose 802 = 16*a - 574. Suppose -2*n + 66 = 2*c, 4*c = -n - 2*n + 100. Calculate the remainder when a is divided by n.
22
Suppose -2*t = -2*w + 390, 11*t = w + 7*t - 183. What is the remainder when w is divided by 20?
19
Let r(z) = 15*z + 1. Let i be r(2). Suppose -f + 26 = -2*a + 3*f, -2*f = 3*a + i. What is the remainder when 31 is divided by (a/(-2))/(2/4)?
9
Let w(n) = 5*n - 7. Suppose 6*v + 52 = 7*v. What is the remainder when v is divided by w(5)?
16
Suppose 28 = 5*a + 3, 2*a + 1230 = 4*r. Suppose r = 4*h + h. Calculate the remainder when h is divided by 16.
14
Suppose -23*g = -24*g + 1. Let d = g - -16. Calculate the remainder when d is divided by 6.
5
Let o = 242 + -234. Calculate the remainder when 33 is divided by o.
1
Suppose 9 = -j + 5*m, 5*j + m - 19 - 40 = 0. Calculate the remainder when (-656)/(-22) + (-2)/(-11) is divided by j.
8
Let z = -225 + 233. Wha